he units digit of o?
8
Suppose -q + 2096 = f, 53*q - 6303 = 50*q + 2*f. What is the hundreds digit of q?
0
Suppose 3*r + 4*y + 78 = 0, 0 = 4*y - 5*y. Let b = r - -148. What is the tens digit of b?
2
Suppose -44*m + 15756 = -5*m. What is the hundreds digit of m?
4
Suppose -14*z = -29040 - 2768. What is the tens digit of z?
7
Let y(n) = 2*n + 19. Let h be y(-8). Suppose -h - 1 = -2*t. Suppose 0 = -3*z - 2*a + 26, -2*z + 2*a + t*a = 4. What is the units digit of z?
6
Let v(s) = 5*s**3 + s**2 - 1. Let q be v(-1). Let k(a) = 0 + 5 - 3*a + 7*a + a**2 - 4. What is the units digit of k(q)?
6
Let y(i) = -5*i**2 + 18*i - 10. Let j(w) = -4*w**2 + 17*w - 11. Let f(s) = -6*j(s) + 5*y(s). What is the units digit of f(-8)?
8
Suppose -4*i = 21*v - 16*v - 6702, -1353 = -v - 5*i. What is the tens digit of v?
3
Suppose 2*b - 6*b + d = -3, 3*d = 5*b + 5. Suppose -6 + b = -v. Suppose 8 + 52 = v*x. What is the tens digit of x?
1
Let x(a) be the third derivative of -4*a**2 + 0 + 0*a + 15/8*a**4 + 1/6*a**3. What is the tens digit of x(1)?
4
Let o(c) = -33*c - 10. Let p be o(-5). Suppose v + p = -4*v. Let q = v - -53. What is the units digit of q?
2
Let o = -12 + 16. Let c be o*(2 + 12/2). Suppose -4*d + 3*d = -c. What is the units digit of d?
2
Suppose -4*a + 2670 = 2*o + a, 4*o - 5340 = -a. Suppose -2*i + 2*k + 518 = 0, -3*k = 5*i - 0*k - o. What is the units digit of i?
4
Let m = -26 + -8. Let y = 50 + m. What is the units digit of y?
6
Let j = -1695 + 3711. What is the thousands digit of j?
2
Let n(y) be the first derivative of y**3/3 + 5*y**2/2 + 3*y + 74. Let d be 0 - -2 - 12 - -1. What is the tens digit of n(d)?
3
Suppose 8*z - 6 = 6*z. Suppose z*q = -444 + 165. Let y = -66 - q. What is the tens digit of y?
2
Let t = 72 - 31. Let g = t + 22. What is the tens digit of g?
6
Suppose 53179 = 55*a + 14734. What is the tens digit of a?
9
Let z = 2223 + -2072. What is the hundreds digit of z?
1
Suppose 9*q = 7*q + 38. Suppose 0*t - t = n + 1, -t = 4*n + q. What is the tens digit of 1/2 + (-81)/n?
1
Let k(d) = -d**2 - 3*d - 1. Let v(a) = -a**2 - a. Let q(j) = 2*k(j) - 6*v(j). Let m be q(2). What is the tens digit of (-3 - -2) + m/1?
1
Let k(u) = u**3 - 18*u**2 + 36*u + 6. What is the units digit of k(16)?
0
Let m(y) = 15*y + 140. What is the tens digit of m(31)?
0
Suppose k - 9 = -3*v, -v = -13*k + 14*k - 7. What is the units digit of k?
6
Let l = -40 + 22. Let w be l/4*(-4)/3. What is the units digit of 5*w/15*1?
2
Let q(f) = 2*f**2 - 17*f + 43. Let t be q(9). Suppose -t - 165 = -m. What is the hundreds digit of m?
2
Let l = -15 - -18. Suppose l*b = z + 11, b = -6*z + z - 7. Suppose -b*g - 81 = -6*g. What is the tens digit of g?
2
Let r = 54 + 1590. What is the units digit of r?
4
Let j(g) be the third derivative of g**6/120 - g**3/3 + 2*g**2. Let w be j(3). Suppose 2*b - k + 8 - w = 0, 0 = -2*b + 4*k + 8. What is the tens digit of b?
1
Let k(a) = 2*a**2 - 6*a + 3. Let m be k(6). Suppose 0 = 8*r - 1 - m. What is the units digit of r?
5
Let s(l) = -l - 4. Let a(i) = 3. Let h(m) = 4*a(m) + 3*s(m). Let w be 6/9*30/(-2). What is the tens digit of h(w)?
3
Let p(t) = t**3 - 10*t**2 + 6*t + 18. Let m be p(9). What is the tens digit of 45 + 6/m*-6?
4
Suppose -5*x - 3*g = -0*x + 6, -x - 5*g = 10. Let r be (-12)/16*-4 + x. Suppose -2*i = -4*v + 222, -4*v + r*i + 80 = -147. What is the tens digit of v?
5
Let s(l) = -24*l - 6. Suppose 3*o - 9 = -0*o. Let t(n) = -n + 1. Let c(h) = o*t(h) + s(h). What is the tens digit of c(-1)?
2
Let x = 552 - 361. What is the tens digit of x?
9
Let t be 1 + -4 + -1 + 28. Suppose 0 = -m - 3*m + t. Suppose -8*f + m*f + 16 = 0. What is the units digit of f?
8
Let t = -444 - -852. What is the hundreds digit of t?
4
Let y(b) = -119*b - 1129. What is the units digit of y(-31)?
0
What is the units digit of (-6)/((-48)/440)*57?
5
Suppose 215*m + 8688 = 218*m. What is the tens digit of m?
9
Let p = -2057 + 1199. What is the units digit of (-6)/14 - (1 - p/(-42))?
9
Let m = -4 + 3. Let l(f) = -f**3 + 35*f**2 - 36*f - 164. Let c be l(34). What is the tens digit of m/(4/c*2)?
2
Let v(s) = 15*s**2 + 38*s - 19. What is the tens digit of v(5)?
4
What is the units digit of 228/(-8)*428/(-6)?
3
Let s = 481 - 79. What is the units digit of s?
2
Suppose -6*a = 28 + 8. What is the tens digit of (-2 + 24/9)*(-351)/a?
3
Suppose -2163 = 54*s - 57*s. What is the tens digit of s?
2
Let h(d) be the second derivative of d**5/20 + d**4/4 - 5*d**3/6 + d**2/2 + 4*d. Let i be h(-4). Suppose 69 - 19 = i*o. What is the tens digit of o?
1
Let u = -58 + 24. Let g = u - -96. Suppose -4 = -q, 2*d - 4*d - 3*q + g = 0. What is the tens digit of d?
2
Let b be (-2)/(-3) + 22/(-6). Let f(s) be the first derivative of -s**4/4 - 4*s**3/3 - 2*s**2 + 8. What is the units digit of f(b)?
3
Let f(r) = -r**3 + 28*r**2 + 28*r - 27. What is the hundreds digit of f(28)?
7
Let i(m) = 711*m - 346. What is the tens digit of i(6)?
2
Let w be (-2)/10 - 66/(-30). Let z be 36 + w - -1*2. Suppose 5*v = 2*n - 44, 2*n + 0*v = 4*v + z. What is the tens digit of n?
1
Let r = -15 + 6. Let d be (-216)/r - (-2 - -1). Let p = 33 + d. What is the tens digit of p?
5
Let r = -6 + 6. Suppose r = 5*k - 7 - 378. What is the units digit of k?
7
Suppose 0 = 23*b - 20*b + 5*l - 134, 3*b - 2*l - 127 = 0. What is the tens digit of b?
4
What is the hundreds digit of 6/(-10) + 19557/45?
4
Let j = 5263 + -2317. What is the hundreds digit of j?
9
Let n = -16 + 33. Let r = -5 + n. What is the units digit of r?
2
Let q = 7 + -11. Let j = q + 6. Suppose -s - 2*n = -n - 2, j*s = 3*n + 24. What is the units digit of s?
6
Let g(k) = -31*k - 2. Let p(o) = 32*o + 3. Let u(b) = -4*g(b) - 5*p(b). What is the units digit of u(-2)?
5
Let l be -1 - (-4 + 2)*2. Suppose -5*r + 2*r - 906 = -5*z, 3*z = -l*r + 558. What is the hundreds digit of z?
1
What is the tens digit of (780 - (-6 - -12)) + 4 + 0?
7
Suppose -b - w = -529, -w - 732 = -4*b + 1389. What is the hundreds digit of b?
5
Let o(x) = 2*x**3 - 12*x**2 + 21*x + 63. What is the units digit of o(12)?
3
Suppose 5*b = 3*z - 35, -6 = -z - z - b. Suppose 0 = -z*y - d, d = 4*d. Suppose 5*x - r - 2*r - 154 = 0, y = -x - 3*r + 20. What is the units digit of x?
9
Suppose 5821 - 20602 = -13*h. What is the units digit of h?
7
Suppose -2*m + 3384 = o, -3*o - 6376 = -5*m + 2106. What is the units digit of m?
4
Let q(i) = -3*i**3 + i**2 + i. Let s be q(-1). Suppose 2*x - 3*j + 106 = 4*x, -s*x + 5*j = -159. What is the tens digit of x?
5
Suppose 4*h = -4*o + 16, 6*o - 3*o - 3*h - 18 = 0. Suppose -3*c + 133 = 2*b, o*c + 3*b - 15 = 205. What is the units digit of c?
1
Suppose 79*v - 3535 = 74*v + 5*d, v + 2*d = 704. What is the units digit of v?
6
Suppose 4*s + 1043 = z, z = s - 443 + 1477. What is the tens digit of z?
3
What is the units digit of 430 + (3 - 1) + -4?
8
What is the units digit of 7/(-2)*((-1500)/(-5))/(-6)?
5
Suppose -34*i + 50*i - 16448 = 0. What is the units digit of i?
8
What is the tens digit of 164 - ((-4)/(-6) + (-21)/(-9))?
6
Let q(f) = 60*f - 39. What is the tens digit of q(60)?
6
Suppose 2*f - 292 = -2*f. Suppose 0 = -k + 5*k, -264 = -2*c + 4*k. Let s = c - f. What is the tens digit of s?
5
Suppose -5*h + 8 = -4*x - 25, 0 = 4*h + 3*x - 14. Suppose 4*m - 3*b - 200 = 0, 4*m - 200 = -10*b + h*b. Let l = -9 + m. What is the tens digit of l?
4
What is the units digit of 43/(-258) + (-553)/(-6)?
2
Let i be (-581)/(-21)*(-1)/((-2)/6). Suppose -l = 4*o - 128, -8*o - i = -l - 3*o. What is the tens digit of l?
0
Suppose 19*j - 6344 = 6*j. What is the hundreds digit of j?
4
Suppose -4*r + 4*d = -408, -3*r + 4*d = 9*d - 338. What is the hundreds digit of r?
1
Suppose -4*k + 4*j + 13 = -11, -5*j = -10. What is the tens digit of 325/15 + k/6?
2
Let n(b) be the second derivative of b**4/12 + 7*b**3/6 + 2*b**2 - 5*b. What is the units digit of n(-8)?
2
Let n(r) = 31*r. Let t be n(2). Let a = 149 - t. Suppose -3*h = -a + 27. What is the units digit of h?
0
Suppose 2*d - 1232 = 3*i - 7*i, 3*i - 918 = -3*d. What is the units digit of i?
0
Suppose 29*p + 13980 = 39*p. What is the thousands digit of p?
1
Let n(o) = 3*o + 1 + 2*o**2 - 1 - o - 1. Let x be n(-2). Suppose -x*i + 30 = -0*i. What is the tens digit of i?
1
Let l be (-8)/(-32) - -3431*2/8. Let n = l + -594. What is the units digit of n?